{"id":56,"date":"2018-08-14T11:04:30","date_gmt":"2018-08-14T11:04:30","guid":{"rendered":"https:\/\/site.mlfmonde.org\/odette-du-puigaudeau-dakhla\/?page_id=56"},"modified":"2023-10-16T14:56:23","modified_gmt":"2023-10-16T13:56:23","slug":"horaires","status":"publish","type":"page","link":"https:\/\/site.mlfmonde.org\/odette-du-puigaudeau-dakhla\/horaires\/","title":{"rendered":""},"content":{"rendered":"<p>L\u2019ouverture des portes a lieu 10 minutes avant l\u2019horaire de d\u00e9but des cours.<\/p>\n<p>Lors de l\u2019accueil, les enfants de la classe maternelle doivent \u00eatre accompagn\u00e9s par un adulte jusqu\u2019\u00e0 la porte de leur classe. De m\u00eame, lors de la sortie, un adulte doit venir les chercher et prendre ainsi contact avec l\u2019enseignant de la classe.<\/p>\n<p>L\u2019accueil des enfants se fait dans la cour (\u00e0 partir du deuxi\u00e8me portail) pour les classes de CP, CE1, CE2, CM1 et CM2. Les sorties s\u2019effectueront par le portail.<\/p>\n<p>Il est \u00e0 noter qu&rsquo;\u00e0 partir du moment o\u00f9 les \u00e9l\u00e8ves quittent l&rsquo;\u00e9tablissement apr\u00e8s la classe \u00e0 12h30 ou 17h00, ils sont sous l\u2019enti\u00e8re responsabilit\u00e9 de leurs parents.<br \/>\nLes \u00e9l\u00e8ves ne peuvent sous aucun pr\u00e9texte quitter l\u2019\u00e9cole pendant les horaires scolaires ou y p\u00e9n\u00e9trer apr\u00e8s ces horaires.<\/p>\n<ul>\n<li><span style=\"color: #0075a2\"><strong><u>Petite section, Moyenne section, Grande section et CP\u00a0: 26h00 par semaine<\/u><\/strong><\/span><\/li>\n<\/ul>\n<table style=\"height: 506px\" width=\"636\">\n<tbody>\n<tr>\n<td style=\"text-align: center\" width=\"55\"><\/td>\n<td style=\"text-align: center\" width=\"80\"><span style=\"color: #000000\"><strong>Accueil<\/strong><\/span><\/td>\n<td style=\"text-align: center\" width=\"81\"><span style=\"color: #000000\"><strong>Heures de classe<\/strong><\/span><\/td>\n<td style=\"text-align: center\" width=\"81\"><span style=\"color: #000000\"><strong>Accueil<\/strong><\/span><\/td>\n<td style=\"text-align: center\" width=\"90\"><span style=\"color: #000000\"><strong>Heures de classe<\/strong><\/span><\/td>\n<\/tr>\n<tr>\n<td style=\"text-align: center\" width=\"55\"><span style=\"color: #000000\"><strong>Lundi<\/strong><\/span><\/td>\n<td style=\"text-align: center\" width=\"80\"><span style=\"color: #000000\">8h20-8h30<\/span><\/td>\n<td style=\"text-align: center\" width=\"81\"><span style=\"color: #000000\">8h30- 12h30<\/span><\/td>\n<td style=\"text-align: center\" width=\"81\"><span style=\"color: #000000\">14h50-15h00<\/span><\/td>\n<td style=\"text-align: center\" width=\"90\"><span style=\"color: #000000\">15h00-17h00<\/span><\/td>\n<\/tr>\n<tr>\n<td style=\"text-align: center\" width=\"55\"><span style=\"color: #000000\"><strong>Mardi<\/strong><\/span><\/td>\n<td style=\"text-align: center\" width=\"80\"><span style=\"color: #000000\">8h20-8h30<\/span><\/td>\n<td style=\"text-align: center\" width=\"81\"><span style=\"color: #000000\">8h30- 12h30<\/span><\/td>\n<td style=\"text-align: center\" width=\"81\"><span style=\"color: #000000\">14h50-15h00<\/span><\/td>\n<td style=\"text-align: center\" width=\"90\"><span style=\"color: #000000\">15h00-17h00<\/span><\/td>\n<\/tr>\n<tr>\n<td style=\"text-align: center\" width=\"55\"><span style=\"color: #000000\"><strong>Mercredi<\/strong><\/span><\/td>\n<td style=\"text-align: center\" width=\"80\"><span style=\"color: #000000\">8h20-8h30<\/span><\/td>\n<td style=\"text-align: center\" width=\"81\"><span style=\"color: #000000\">8h30- 12h30<\/span><\/td>\n<td width=\"81\"><\/td>\n<td width=\"90\"><\/td>\n<\/tr>\n<tr>\n<td style=\"text-align: center\" width=\"55\"><span style=\"color: #000000\"><strong>Jeudi<\/strong><\/span><\/td>\n<td style=\"text-align: center\" width=\"80\"><span style=\"color: #000000\">8h20-8h30<\/span><\/td>\n<td style=\"text-align: center\" width=\"81\"><span style=\"color: #000000\">8h30- 12h30<\/span><\/td>\n<td style=\"text-align: center\" width=\"81\"><span style=\"color: #000000\">14h50-15h00<\/span><\/td>\n<td style=\"text-align: center\" width=\"90\"><span style=\"color: #000000\">15h00-17h00<\/span><\/td>\n<\/tr>\n<tr>\n<td style=\"text-align: center\" width=\"55\"><span style=\"color: #000000\"><strong>Vendredi<\/strong><\/span><\/td>\n<td style=\"text-align: center\" width=\"80\"><span style=\"color: #000000\">8h20-8h30<\/span><\/td>\n<td style=\"text-align: center\" width=\"81\"><span style=\"color: #000000\">8h30- 12h30<\/span><\/td>\n<td style=\"text-align: center\" width=\"81\"><\/td>\n<td style=\"text-align: center\" width=\"90\"><\/td>\n<\/tr>\n<\/tbody>\n<\/table>\n<ul>\n<li><span style=\"color: #0075a2\"><strong><u>CE1\/CE2\/CM1\/CM2\u00a0: 28h00 par semaine<\/u><\/strong><\/span><\/li>\n<\/ul>\n<table style=\"height: 537px\" width=\"633\">\n<tbody>\n<tr>\n<td style=\"text-align: center\" width=\"55\"><\/td>\n<td style=\"text-align: center\" width=\"80\"><strong>Accueil<\/strong><\/td>\n<td style=\"text-align: center\" width=\"81\"><strong>Heures de classe<\/strong><\/td>\n<td style=\"text-align: center\" width=\"81\"><strong>Accueil<\/strong><\/td>\n<td style=\"text-align: center\" width=\"90\"><strong>Heures de classe<\/strong><\/td>\n<\/tr>\n<tr>\n<td style=\"text-align: center\" width=\"55\"><span style=\"color: #000000\"><strong>Lundi<\/strong><\/span><\/td>\n<td style=\"text-align: center\" width=\"80\"><span style=\"color: #000000\">8h20-8h30<\/span><\/td>\n<td style=\"text-align: center\" width=\"81\"><span style=\"color: #000000\">8h30- 12h30<\/span><\/td>\n<td style=\"text-align: center\" width=\"81\"><span style=\"color: #000000\">14h50-15h00<\/span><\/td>\n<td style=\"text-align: center\" width=\"90\"><span style=\"color: #000000\">15h00-17h00<\/span><\/td>\n<\/tr>\n<tr>\n<td style=\"text-align: center\" width=\"55\"><span style=\"color: #000000\"><strong>Mardi<\/strong><\/span><\/td>\n<td style=\"text-align: center\" width=\"80\"><span style=\"color: #000000\">8h20-8h30<\/span><\/td>\n<td style=\"text-align: center\" width=\"81\"><span style=\"color: #000000\">8h30- 12h30<\/span><\/td>\n<td style=\"text-align: center\" width=\"81\"><span style=\"color: #000000\">14h50-15h00<\/span><\/td>\n<td style=\"text-align: center\" width=\"90\"><span style=\"color: #000000\">15h00-17h00<\/span><\/td>\n<\/tr>\n<tr>\n<td style=\"text-align: center\" width=\"55\"><span style=\"color: #000000\"><strong>Mercredi<\/strong><\/span><\/td>\n<td style=\"text-align: center\" width=\"80\"><span style=\"color: #000000\">8h20-8h30<\/span><\/td>\n<td style=\"text-align: center\" width=\"81\"><span style=\"color: #000000\">8h30- 12h30<\/span><\/td>\n<td style=\"text-align: center\" width=\"81\"><span style=\"color: #000000\">14h50-15h00<\/span><\/td>\n<td style=\"text-align: center\" width=\"90\"><span style=\"color: #000000\">\u00a015h00-17h00<\/span><\/td>\n<\/tr>\n<tr>\n<td style=\"text-align: center\" width=\"55\"><span style=\"color: #000000\"><strong>Jeudi<\/strong><\/span><\/td>\n<td style=\"text-align: center\" width=\"80\"><span style=\"color: #000000\">8h20-8h30<\/span><\/td>\n<td style=\"text-align: center\" width=\"81\"><span style=\"color: #000000\">8h30- 12h30<\/span><\/td>\n<td style=\"text-align: center\" width=\"81\"><span style=\"color: #000000\">14h50-15h00<\/span><\/td>\n<td style=\"text-align: center\" width=\"90\"><span style=\"color: #000000\">15h00-17h00<\/span><\/td>\n<\/tr>\n<tr>\n<td style=\"text-align: center\" width=\"55\"><span style=\"color: #000000\"><strong>Vendredi<\/strong><\/span><\/td>\n<td style=\"text-align: center\" width=\"80\"><span style=\"color: #000000\">8h20-8h30<\/span><\/td>\n<td style=\"text-align: center\" width=\"81\"><span style=\"color: #000000\">8h30- 12h30<\/span><\/td>\n<td style=\"text-align: center\" width=\"81\"><\/td>\n<td style=\"text-align: center\" width=\"90\"><\/td>\n<\/tr>\n<\/tbody>\n<\/table>\n<ul>\n<li><span style=\"color: #0075a2\"><strong><u>6\u00b0, 5\u00b0, 4\u00b0, 3\u00b0, 2nd,\u00a0 1\u00e8re et Terminale : 30h00 par semaine<\/u><\/strong><\/span><\/li>\n<\/ul>\n<table style=\"height: 544px\" width=\"635\">\n<tbody>\n<tr>\n<td width=\"55\"><\/td>\n<td style=\"text-align: center\" width=\"80\"><strong>Accueil<\/strong><\/td>\n<td style=\"text-align: center\" width=\"81\"><strong>Heures de classe<\/strong><\/td>\n<td style=\"text-align: center\" width=\"81\"><strong>Accueil<\/strong><\/td>\n<td style=\"text-align: center\" width=\"90\"><strong>Heures de classe<\/strong><\/td>\n<\/tr>\n<tr>\n<td style=\"text-align: center\" width=\"55\"><span style=\"color: #000000\"><strong>Lundi<\/strong><\/span><\/td>\n<td style=\"text-align: center\" width=\"80\"><span style=\"color: #000000\">8h20-8h30<\/span><\/td>\n<td style=\"text-align: center\" width=\"81\"><span style=\"color: #000000\">8h30- 12h30<\/span><\/td>\n<td style=\"text-align: center\" width=\"81\"><span style=\"color: #000000\">13h50-14h00<\/span><\/td>\n<td style=\"text-align: center\" width=\"90\"><span style=\"color: #000000\">14h00 \u2013 17h00 ou 18h00<\/span><\/td>\n<\/tr>\n<tr>\n<td style=\"text-align: center\" width=\"55\"><span style=\"color: #000000\"><strong>Mardi<\/strong><\/span><\/td>\n<td style=\"text-align: center\" width=\"80\"><span style=\"color: #000000\">8h20-8h30<\/span><\/td>\n<td style=\"text-align: center\" width=\"81\"><span style=\"color: #000000\">8h30- 12h30<\/span><\/td>\n<td style=\"text-align: center\" width=\"81\"><span style=\"color: #000000\">13h50-14h00<\/span><\/td>\n<td style=\"text-align: center\" width=\"90\"><span style=\"color: #000000\">14h00 \u2013 17h00 ou 18h00<\/span><\/td>\n<\/tr>\n<tr>\n<td style=\"text-align: center\" width=\"55\"><span style=\"color: #000000\"><strong>Mercredi<\/strong><\/span><\/td>\n<td style=\"text-align: center\" width=\"80\"><span style=\"color: #000000\">8h20-8h30<\/span><\/td>\n<td style=\"text-align: center\" width=\"81\"><span style=\"color: #000000\">8h30- 12h30<\/span><\/td>\n<td style=\"text-align: center\" width=\"81\"><span style=\"color: #000000\">13h50-14h00<\/span><\/td>\n<td style=\"text-align: center\" width=\"90\"><span style=\"color: #000000\">14h00 \u2013 17h00 ou 18h00<\/span><\/td>\n<\/tr>\n<tr>\n<td style=\"text-align: center\" width=\"55\"><span style=\"color: #000000\"><strong>Jeudi<\/strong><\/span><\/td>\n<td style=\"text-align: center\" width=\"80\"><span style=\"color: #000000\">8h20-8h30<\/span><\/td>\n<td style=\"text-align: center\" width=\"81\"><span style=\"color: #000000\">8h30- 12h30<\/span><\/td>\n<td style=\"text-align: center\" width=\"81\"><span style=\"color: #000000\">13h50-14h00<\/span><\/td>\n<td style=\"text-align: center\" width=\"90\"><span style=\"color: #000000\">14h00 \u2013 17h00 ou 18h00<\/span><\/td>\n<\/tr>\n<tr>\n<td style=\"text-align: center\" width=\"55\"><span style=\"color: #000000\"><strong>Vendredi<\/strong><\/span><\/td>\n<td style=\"text-align: center\" width=\"80\"><span style=\"color: #000000\">8h20-8h30<\/span><\/td>\n<td style=\"text-align: center\" width=\"81\"><span style=\"color: #000000\">8h30- 12h30<\/span><\/td>\n<td style=\"text-align: center\" width=\"81\"><\/td>\n<td style=\"text-align: center\" width=\"90\"><\/td>\n<\/tr>\n<\/tbody>\n<\/table>\n","protected":false},"excerpt":{"rendered":"<p>L\u2019ouverture des portes a lieu 10 minutes avant l\u2019horaire de d\u00e9but des cours. Lors de l\u2019accueil, les enfants de la classe maternelle doivent \u00eatre accompagn\u00e9s par un adulte jusqu\u2019\u00e0 la porte de leur classe. De m\u00eame, lors de la sortie, un adulte doit venir les chercher et prendre ainsi contact avec l\u2019enseignant de la classe. [&hellip;]<\/p>\n","protected":false},"author":156,"featured_media":1767,"parent":0,"menu_order":0,"comment_status":"closed","ping_status":"closed","template":"","meta":{"_exactmetrics_skip_tracking":false,"_exactmetrics_sitenote_active":false,"_exactmetrics_sitenote_note":"","_exactmetrics_sitenote_category":0,"footnotes":""},"class_list":["post-56","page","type-page","status-publish","has-post-thumbnail","czr-hentry"],"_links":{"self":[{"href":"https:\/\/site.mlfmonde.org\/odette-du-puigaudeau-dakhla\/wp-json\/wp\/v2\/pages\/56","targetHints":{"allow":["GET"]}}],"collection":[{"href":"https:\/\/site.mlfmonde.org\/odette-du-puigaudeau-dakhla\/wp-json\/wp\/v2\/pages"}],"about":[{"href":"https:\/\/site.mlfmonde.org\/odette-du-puigaudeau-dakhla\/wp-json\/wp\/v2\/types\/page"}],"author":[{"embeddable":true,"href":"https:\/\/site.mlfmonde.org\/odette-du-puigaudeau-dakhla\/wp-json\/wp\/v2\/users\/156"}],"replies":[{"embeddable":true,"href":"https:\/\/site.mlfmonde.org\/odette-du-puigaudeau-dakhla\/wp-json\/wp\/v2\/comments?post=56"}],"version-history":[{"count":11,"href":"https:\/\/site.mlfmonde.org\/odette-du-puigaudeau-dakhla\/wp-json\/wp\/v2\/pages\/56\/revisions"}],"predecessor-version":[{"id":2612,"href":"https:\/\/site.mlfmonde.org\/odette-du-puigaudeau-dakhla\/wp-json\/wp\/v2\/pages\/56\/revisions\/2612"}],"wp:featuredmedia":[{"embeddable":true,"href":"https:\/\/site.mlfmonde.org\/odette-du-puigaudeau-dakhla\/wp-json\/wp\/v2\/media\/1767"}],"wp:attachment":[{"href":"https:\/\/site.mlfmonde.org\/odette-du-puigaudeau-dakhla\/wp-json\/wp\/v2\/media?parent=56"}],"curies":[{"name":"wp","href":"https:\/\/api.w.org\/{rel}","templated":true}]}}