{"id":1627,"date":"2022-01-24T17:16:17","date_gmt":"2022-01-24T16:16:17","guid":{"rendered":"https:\/\/site.mlfmonde.org\/odette-du-puigaudeau-dakhla\/?page_id=1627"},"modified":"2025-06-26T11:46:01","modified_gmt":"2025-06-26T10:46:01","slug":"admissions","status":"publish","type":"page","link":"https:\/\/site.mlfmonde.org\/odette-du-puigaudeau-dakhla\/admissions\/","title":{"rendered":"INSCRIPTION 2025\/2026"},"content":{"rendered":"\n<p><\/p>\n\n\n<h1 style=\"text-align: center\">\u00a0<\/h1>\n<hr \/>\n<ul>\n<li><span style=\"color: #0075a2\"><b><i>Tests d&rsquo;entr\u00e9es<\/i><\/b><\/span><\/li>\n<\/ul>\n<p>Comme pour toutes les \u00e9coles fran\u00e7aises au Maroc, les \u00e9l\u00e8ves souhaitant int\u00e9grer le r\u00e9seau doivent passer un test.<\/p>\n<p>La situation sanitaire ne permettant pas d\u2019organiser des tests collectifs, nous organiserons des tests individuels sur rendez-vous.<\/p>\n<p>Si vous souhaitez inscrire votre enfant je vous prie de bien vouloir contacter le secr\u00e9tariat \u00e0 l&rsquo;adresse suivante :\u00a0secretariat.dakhla.puigaudeau@mlfmonde.org ou par t\u00e9l\u00e9phone au +212 5 28 93 10 35.<\/p>\n<p>\u00a0<\/p>\n<ul>\n<li><span style=\"color: #ff6600\"><b>FICHE DE RENSEIGNEMENT<\/b><\/span><\/li>\n<\/ul>\n\n\n<div data-wp-interactive=\"core\/file\" class=\"wp-block-file\"><object data-wp-bind--hidden=\"!state.hasPdfPreview\" hidden class=\"wp-block-file__embed\" data=\"https:\/\/site.mlfmonde.org\/odette-du-puigaudeau-dakhla\/wp-content\/uploads\/sites\/18\/2025\/06\/fiche-renseignement.pdf\" type=\"application\/pdf\" style=\"width:100%;height:600px\" aria-label=\"Contenu embarqu\u00e9 Contenu embarqu\u00e9 fiche-renseignement..\"><\/object><a id=\"wp-block-file--media-13af1550-be2a-4b36-8a36-a9d30323f0d5\" href=\"https:\/\/site.mlfmonde.org\/odette-du-puigaudeau-dakhla\/wp-content\/uploads\/sites\/18\/2025\/06\/fiche-renseignement.pdf\">fiche-renseignement<\/a><a href=\"https:\/\/site.mlfmonde.org\/odette-du-puigaudeau-dakhla\/wp-content\/uploads\/sites\/18\/2025\/06\/fiche-renseignement.pdf\" class=\"wp-block-file__button\" download aria-describedby=\"wp-block-file--media-13af1550-be2a-4b36-8a36-a9d30323f0d5\">T\u00e9l\u00e9charger<\/a><\/div>\n\n\n\n<ul class=\"wp-block-list\"><li><strong><mark class=\"has-inline-color has-luminous-vivid-orange-color\">CONDITIONS ET DOCUMENTS D&rsquo;INSCRIPTIONS 2025-202<\/mark><\/strong>6<\/li><\/ul>\n\n\n\n<div data-wp-interactive=\"core\/file\" class=\"wp-block-file\"><object data-wp-bind--hidden=\"!state.hasPdfPreview\" hidden class=\"wp-block-file__embed\" data=\"https:\/\/site.mlfmonde.org\/odette-du-puigaudeau-dakhla\/wp-content\/uploads\/sites\/18\/2025\/06\/Condition-et-documents-d-inscription-2025-2026.pdf\" type=\"application\/pdf\" style=\"width:100%;height:600px\" aria-label=\"Contenu embarqu\u00e9 Contenu embarqu\u00e9 Condition-et-documents-d-inscription-2025-2026..\"><\/object><a id=\"wp-block-file--media-4ae9d4c9-3938-4ac3-9e76-7d7388f5008f\" href=\"https:\/\/site.mlfmonde.org\/odette-du-puigaudeau-dakhla\/wp-content\/uploads\/sites\/18\/2025\/06\/Condition-et-documents-d-inscription-2025-2026.pdf\">Condition-et-documents-d-inscription-2025-2026<\/a><a href=\"https:\/\/site.mlfmonde.org\/odette-du-puigaudeau-dakhla\/wp-content\/uploads\/sites\/18\/2025\/06\/Condition-et-documents-d-inscription-2025-2026.pdf\" class=\"wp-block-file__button\" download aria-describedby=\"wp-block-file--media-4ae9d4c9-3938-4ac3-9e76-7d7388f5008f\">T\u00e9l\u00e9charger<\/a><\/div>\n\n\n\n<ul class=\"wp-block-list\"><li><strong><strong><mark class=\"has-inline-color has-luminous-vivid-orange-color\">TARIFS ET MODALITES<\/mark><\/strong><\/strong><\/li><\/ul>\n\n\n\n<div data-wp-interactive=\"core\/file\" class=\"wp-block-file\"><object data-wp-bind--hidden=\"!state.hasPdfPreview\" hidden class=\"wp-block-file__embed\" data=\"https:\/\/site.mlfmonde.org\/odette-du-puigaudeau-dakhla\/wp-content\/uploads\/sites\/18\/2025\/06\/TARIFS-et-MODALITES-Odette-du-Puigaudeau-DAKHLA-2025-2026.pdf\" type=\"application\/pdf\" style=\"width:100%;height:600px\" aria-label=\"Contenu embarqu\u00e9 Contenu embarqu\u00e9 TARIFS-et-MODALITES-Odette-du-Puigaudeau-DAKHLA-2025-2026..\"><\/object><a id=\"wp-block-file--media-cfa19ea2-115d-495d-8180-af66e30267b6\" href=\"https:\/\/site.mlfmonde.org\/odette-du-puigaudeau-dakhla\/wp-content\/uploads\/sites\/18\/2025\/06\/TARIFS-et-MODALITES-Odette-du-Puigaudeau-DAKHLA-2025-2026.pdf\">TARIFS-et-MODALITES-Odette-du-Puigaudeau-DAKHLA-2025-2026<\/a><a href=\"https:\/\/site.mlfmonde.org\/odette-du-puigaudeau-dakhla\/wp-content\/uploads\/sites\/18\/2025\/06\/TARIFS-et-MODALITES-Odette-du-Puigaudeau-DAKHLA-2025-2026.pdf\" class=\"wp-block-file__button\" download aria-describedby=\"wp-block-file--media-cfa19ea2-115d-495d-8180-af66e30267b6\">T\u00e9l\u00e9charger<\/a><\/div>\n\n\n\n<p><\/p>\n","protected":false},"excerpt":{"rendered":"<p>\u00a0 Tests d&rsquo;entr\u00e9es Comme pour toutes les \u00e9coles fran\u00e7aises au Maroc, les \u00e9l\u00e8ves souhaitant int\u00e9grer le r\u00e9seau doivent passer un test. La situation sanitaire ne permettant pas d\u2019organiser des tests collectifs, nous organiserons des tests individuels sur rendez-vous. Si vous souhaitez inscrire votre enfant je vous prie de bien vouloir contacter le secr\u00e9tariat \u00e0 l&rsquo;adresse [&hellip;]<\/p>\n","protected":false},"author":156,"featured_media":1771,"parent":0,"menu_order":0,"comment_status":"closed","ping_status":"closed","template":"custom-page.php","meta":{"_exactmetrics_skip_tracking":false,"_exactmetrics_sitenote_active":false,"_exactmetrics_sitenote_note":"","_exactmetrics_sitenote_category":0,"footnotes":""},"class_list":["post-1627","page","type-page","status-publish","has-post-thumbnail","czr-hentry"],"_links":{"self":[{"href":"https:\/\/site.mlfmonde.org\/odette-du-puigaudeau-dakhla\/wp-json\/wp\/v2\/pages\/1627","targetHints":{"allow":["GET"]}}],"collection":[{"href":"https:\/\/site.mlfmonde.org\/odette-du-puigaudeau-dakhla\/wp-json\/wp\/v2\/pages"}],"about":[{"href":"https:\/\/site.mlfmonde.org\/odette-du-puigaudeau-dakhla\/wp-json\/wp\/v2\/types\/page"}],"author":[{"embeddable":true,"href":"https:\/\/site.mlfmonde.org\/odette-du-puigaudeau-dakhla\/wp-json\/wp\/v2\/users\/156"}],"replies":[{"embeddable":true,"href":"https:\/\/site.mlfmonde.org\/odette-du-puigaudeau-dakhla\/wp-json\/wp\/v2\/comments?post=1627"}],"version-history":[{"count":23,"href":"https:\/\/site.mlfmonde.org\/odette-du-puigaudeau-dakhla\/wp-json\/wp\/v2\/pages\/1627\/revisions"}],"predecessor-version":[{"id":2749,"href":"https:\/\/site.mlfmonde.org\/odette-du-puigaudeau-dakhla\/wp-json\/wp\/v2\/pages\/1627\/revisions\/2749"}],"wp:featuredmedia":[{"embeddable":true,"href":"https:\/\/site.mlfmonde.org\/odette-du-puigaudeau-dakhla\/wp-json\/wp\/v2\/media\/1771"}],"wp:attachment":[{"href":"https:\/\/site.mlfmonde.org\/odette-du-puigaudeau-dakhla\/wp-json\/wp\/v2\/media?parent=1627"}],"curies":[{"name":"wp","href":"https:\/\/api.w.org\/{rel}","templated":true}]}}