{"id":939,"date":"2019-11-25T14:56:12","date_gmt":"2019-11-25T14:56:12","guid":{"rendered":"https:\/\/site.mlfmonde.org\/essaouira-tabarly\/?page_id=939"},"modified":"2023-05-22T15:05:23","modified_gmt":"2023-05-22T15:05:23","slug":"college","status":"publish","type":"page","link":"https:\/\/site.mlfmonde.org\/essaouira-tabarly\/college\/","title":{"rendered":"Coll\u00e8ge"},"content":{"rendered":"<p>Cette ann\u00e9e 2022-2023, 30 \u00e9l\u00e8ves sont inscrits au coll\u00e8ge CNED, de la 6\u00e8me \u00e0 la 3\u00e8me, 10 \u00e9l\u00e8ves en 6\u00e8me, 6 \u00e9l\u00e8ves en 5\u00e8me, 7 \u00e9l\u00e8ves en 4\u00e8me et 7 \u00e9l\u00e8ves en 3\u00e8me.<\/p>\n<p>Les coll\u00e9giens inscrits en classe r\u00e9glement\u00e9e CNED sont accompagn\u00e9s par 4 assistantes p\u00e9dagogiques,\u00a0 Mme Blandine Gabaut, Mme Gw\u00e9na\u00eblle Galle, Mme Alice Guibert-Joundi et Mme Marie-Christine Marcelino.<\/p>\n<p>Les \u00e9l\u00e8ves ont \u00e9galement acc\u00e8s \u00e0 l&rsquo;enseignement direct de la langue arabe.<\/p>\n<h3><strong>L&rsquo;espace inscrit de chaque \u00e9l\u00e8ve : les ressources en ligne fournies par le CNED<\/strong><\/h3>\n<p>En plus des livrets papier pour certains, tous les \u00e9l\u00e8ves inscrits au coll\u00e8ge CNED disposent d&rsquo;un identifiant et d&rsquo;un mot de passe (personnels et confidentiels) leur permettant d&rsquo; acc\u00e9der \u00e0 des ressources en ligne fournies par le CNED. Chaque inscrit y retrouve des <strong>ressources utiles et t\u00e9l\u00e9chargeables pour l&rsquo;ensemble des mati\u00e8res<\/strong> (cours, corrections, exercices interactifs, pistes sonores, vid\u00e9os, annexes, logiciels), divis\u00e9es par mati\u00e8re et unit\u00e9 de travail.\u00a0Sur cet espace, l&rsquo;\u00e9l\u00e8ve et sa famille peuvent \u00e9galement <strong>consulter le relev\u00e9 de notes et les corrections des \u00e9valuations<\/strong>. Des documents d&rsquo;aide et d&rsquo;assistance \u00e0 la prise en main de l&rsquo;espace sont \u00e9galement disponibles.<\/p>\n<p><strong>Pour se connecter<\/strong> : <a href=\"https:\/\/espaceinscrit.cned.fr\/\">https:\/\/espaceinscrit.cned.fr\/<\/a><\/p>\n<h3><strong>Programmation des s\u00e9ances suivant l&#8217;emploi du temps<\/strong><\/h3>\n<p>Le suivi des s\u00e9ances du CNED et l&rsquo;organisation des travaux fait l&rsquo;objet d&rsquo;<strong>une programmation \u00e9tablie par l&rsquo;\u00e9quipe p\u00e9dagogique dans chacune des mati\u00e8res<\/strong>. Ces programmations sont mises \u00e0 la disposition des familles et \u00e9l\u00e8ves par mail chaque d\u00e9but de p\u00e9riode. Elles permettent aux \u00e9l\u00e8ves absents ou inscrits en distanciel de suivre et de rattraper le d\u00e9roulement des s\u00e9ances.<\/p>\n<h3><strong>Compl\u00e9ments \u00e9ducatifs et informations pratiques en ligne : 1 padlet par niveau (\u00e0 venir)<\/strong><\/h3>\n<div>L&rsquo;\u00e9quipe p\u00e9dagogique du secondaire partagera sur <strong>4\u00a0padlets\u00a0en ligne<\/strong>\u00a0des contenus compl\u00e9mentaires des s\u00e9ances r\u00e9alis\u00e9es en classe.\u00a0Chaque\u00a0<i>padlet<\/i> correspond \u00e0 un niveau, et se divise en colonnes (une colonne par mati\u00e8re).\u00a0Vous pouvez acc\u00e9der \u00e0 ces espaces r\u00e9guli\u00e8rement mis \u00e0 jour.<\/div>\n<div><\/div>\n<div>\n<div><strong style=\"color: revert;font-family: 'Fjalla One';font-size: revert\">Orientation<\/strong><\/div>\n<\/div>\n<p>Retrouvez des <strong>informations sur l&rsquo;orientation et les \u00e9tudes en France\u00a0<\/strong>sur la page de notre site :<\/p>\n<p><a href=\"https:\/\/site.mlfmonde.org\/essaouira-tabarly\/vie-de-lecole\/college\/orientation\/\">https:\/\/site.mlfmonde.org\/essaouira-tabarly\/vie-de-lecole\/college\/orientation\/<\/a><\/p>\n<h3><strong>Conseil Osui de la Vie Lyc\u00e9enne \/ COVL<\/strong><\/h3>\n<p dir=\"ltr\">Le COVL est le lieu d&rsquo;expression des coll\u00e9giens et des lyc\u00e9ens de l&rsquo;ensemble des \u00e9tablissements du r\u00e9seau de l\u2019OSUI.<\/p>\n<p dir=\"ltr\">Le COVL est une instance consultative qui permet aux \u00e9l\u00e8ves de formuler des avis sur les conditions de vie et de travail des \u00e9l\u00e8ves dans les \u00e9tablissements du r\u00e9seau OSUI. Il se r\u00e9unit au minimum deux fois par an.<\/p>\n<p>Le r\u00e9seau OSUI a organis\u00e9 son premier Conseil OSUI de la Vie Lyc\u00e9enne \u00e0 Bouskoura le jeudi 11 mai auquel ont particip\u00e9 notre repr\u00e9sentant des \u00e9l\u00e8ves, Jad Belaffari (classe de 3\u00e8me) et notre repr\u00e9sentant des parents, Monsieur Olivier Perrouin.<\/p>\n<p><a href=\"https:\/\/site.mlfmonde.org\/essaouira-tabarly\/wp-content\/uploads\/sites\/19\/2023\/05\/CR-COVL-1-mai-2023-pour-diffusion-1.pdf\">CR-COVL-11-mai-2023.pdf<\/a><\/p>\n","protected":false},"excerpt":{"rendered":"<p>Cette ann\u00e9e 2022-2023, 30 \u00e9l\u00e8ves sont inscrits au coll\u00e8ge CNED, de la 6\u00e8me \u00e0 la 3\u00e8me, 10 \u00e9l\u00e8ves en 6\u00e8me, 6 \u00e9l\u00e8ves en 5\u00e8me, 7 \u00e9l\u00e8ves en 4\u00e8me et 7 \u00e9l\u00e8ves en 3\u00e8me. Les coll\u00e9giens inscrits en classe r\u00e9glement\u00e9e CNED sont accompagn\u00e9s par 4 assistantes p\u00e9dagogiques,\u00a0 Mme Blandine Gabaut, Mme Gw\u00e9na\u00eblle Galle, Mme Alice Guibert-Joundi [&hellip;]<\/p>\n","protected":false},"author":171,"featured_media":0,"parent":0,"menu_order":5,"comment_status":"closed","ping_status":"closed","template":"","meta":{"_exactmetrics_skip_tracking":false,"_exactmetrics_sitenote_active":false,"_exactmetrics_sitenote_note":"","_exactmetrics_sitenote_category":0,"footnotes":""},"class_list":["post-939","page","type-page","status-publish","czr-hentry"],"_links":{"self":[{"href":"https:\/\/site.mlfmonde.org\/essaouira-tabarly\/wp-json\/wp\/v2\/pages\/939","targetHints":{"allow":["GET"]}}],"collection":[{"href":"https:\/\/site.mlfmonde.org\/essaouira-tabarly\/wp-json\/wp\/v2\/pages"}],"about":[{"href":"https:\/\/site.mlfmonde.org\/essaouira-tabarly\/wp-json\/wp\/v2\/types\/page"}],"author":[{"embeddable":true,"href":"https:\/\/site.mlfmonde.org\/essaouira-tabarly\/wp-json\/wp\/v2\/users\/171"}],"replies":[{"embeddable":true,"href":"https:\/\/site.mlfmonde.org\/essaouira-tabarly\/wp-json\/wp\/v2\/comments?post=939"}],"version-history":[{"count":27,"href":"https:\/\/site.mlfmonde.org\/essaouira-tabarly\/wp-json\/wp\/v2\/pages\/939\/revisions"}],"predecessor-version":[{"id":4881,"href":"https:\/\/site.mlfmonde.org\/essaouira-tabarly\/wp-json\/wp\/v2\/pages\/939\/revisions\/4881"}],"wp:attachment":[{"href":"https:\/\/site.mlfmonde.org\/essaouira-tabarly\/wp-json\/wp\/v2\/media?parent=939"}],"curies":[{"name":"wp","href":"https:\/\/api.w.org\/{rel}","templated":true}]}}