{"id":5067,"date":"2024-01-08T15:26:21","date_gmt":"2024-01-08T15:26:21","guid":{"rendered":"https:\/\/site.mlfmonde.org\/essaouira-tabarly\/?page_id=5067"},"modified":"2024-04-30T09:38:08","modified_gmt":"2024-04-30T09:38:08","slug":"horaires-2-2","status":"publish","type":"page","link":"https:\/\/site.mlfmonde.org\/essaouira-tabarly\/horaires-2-2\/","title":{"rendered":"Horaires"},"content":{"rendered":"\n<p><strong>Accueil lundi \u00e0 vendredi<\/strong> 8h50,<\/p>\n\n\n\n<p> <strong>horaires de classe primaire\/coll\u00e8ge matin<\/strong>&nbsp; Lundi mardi jeudi 9h-12h mercredi vendredi 9h-13h<\/p>\n\n\n\n<p><strong>Horaires de classe primaire apr\u00e8s-midi<\/strong>&nbsp; lundi mardi jeudi accueil 13h35, classe 13h45- 16h45<\/p>\n\n\n\n<p> <strong>Coll\u00e8ge<\/strong> lundi mardi mercredi jeudi vendredi 13h45-16h45<\/p>\n","protected":false},"excerpt":{"rendered":"<p>Accueil lundi \u00e0 vendredi 8h50, horaires de classe primaire\/coll\u00e8ge matin&nbsp; Lundi mardi jeudi 9h-12h mercredi vendredi 9h-13h Horaires de classe primaire apr\u00e8s-midi&nbsp; lundi mardi jeudi accueil 13h35, classe 13h45- 16h45 Coll\u00e8ge lundi mardi mercredi jeudi vendredi 13h45-16h45<\/p>\n","protected":false},"author":166,"featured_media":0,"parent":0,"menu_order":0,"comment_status":"closed","ping_status":"closed","template":"","meta":{"_exactmetrics_skip_tracking":false,"_exactmetrics_sitenote_active":false,"_exactmetrics_sitenote_note":"","_exactmetrics_sitenote_category":0,"footnotes":""},"class_list":["post-5067","page","type-page","status-publish","czr-hentry"],"_links":{"self":[{"href":"https:\/\/site.mlfmonde.org\/essaouira-tabarly\/wp-json\/wp\/v2\/pages\/5067","targetHints":{"allow":["GET"]}}],"collection":[{"href":"https:\/\/site.mlfmonde.org\/essaouira-tabarly\/wp-json\/wp\/v2\/pages"}],"about":[{"href":"https:\/\/site.mlfmonde.org\/essaouira-tabarly\/wp-json\/wp\/v2\/types\/page"}],"author":[{"embeddable":true,"href":"https:\/\/site.mlfmonde.org\/essaouira-tabarly\/wp-json\/wp\/v2\/users\/166"}],"replies":[{"embeddable":true,"href":"https:\/\/site.mlfmonde.org\/essaouira-tabarly\/wp-json\/wp\/v2\/comments?post=5067"}],"version-history":[{"count":5,"href":"https:\/\/site.mlfmonde.org\/essaouira-tabarly\/wp-json\/wp\/v2\/pages\/5067\/revisions"}],"predecessor-version":[{"id":5488,"href":"https:\/\/site.mlfmonde.org\/essaouira-tabarly\/wp-json\/wp\/v2\/pages\/5067\/revisions\/5488"}],"wp:attachment":[{"href":"https:\/\/site.mlfmonde.org\/essaouira-tabarly\/wp-json\/wp\/v2\/media?parent=5067"}],"curies":[{"name":"wp","href":"https:\/\/api.w.org\/{rel}","templated":true}]}}

<p><strong>Accueil lundi à vendredi</strong> 8h50,</p>



<p> <strong>horaires de classe primaire/collège matin</strong>&nbsp; Lundi mardi jeudi 9h-12h mercredi vendredi 9h-13h</p>



<p><strong>Horaires de classe primaire après-midi</strong>&nbsp; lundi mardi jeudi accueil 13h35, classe 13h45- 16h45</p>



<p> <strong>Collège</strong> lundi mardi mercredi jeudi vendredi 13h45-16h45</p>

<p>Accueil lundi à vendredi 8h50, horaires de classe primaire/collège matin&nbsp; Lundi mardi jeudi 9h-12h mercredi vendredi 9h-13h Horaires de classe primaire après-midi&nbsp; lundi mardi jeudi accueil 13h35, classe 13h45- 16h45 Collège lundi mardi mercredi jeudi vendredi 13h45-16h45</p>
