{"id":4608,"date":"2022-11-30T22:38:53","date_gmt":"2022-11-30T22:38:53","guid":{"rendered":"https:\/\/site.mlfmonde.org\/essaouira-tabarly\/?page_id=4608"},"modified":"2022-12-10T18:43:40","modified_gmt":"2022-12-10T18:43:40","slug":"archive","status":"publish","type":"page","link":"https:\/\/site.mlfmonde.org\/essaouira-tabarly\/archive\/","title":{"rendered":"Archives"},"content":{"rendered":"\n<ul class=\"wp-block-list\"><li><a href=\"https:\/\/site.mlfmonde.org\/essaouira-tabarly\/wp-content\/uploads\/sites\/19\/2020\/02\/COMPTE-RENDU-3e-Conseil-d\u00e9cole-2018-2019.pdf\">COMPTE-RENDU-3eme-Conseil-Etablissement-2018-2019.pdf<\/a><\/li><\/ul>\n\n\n\n<ul class=\"wp-block-list\"><li><a href=\"https:\/\/site.mlfmonde.org\/essaouira-tabarly\/wp-content\/uploads\/sites\/19\/2020\/06\/COMPTE-RENDU-1er-Conseil-d\u00e9tablissement-2019-2020.pdf\">COMPTE-RENDU-1er-Conseil-Etablissement-2019-2020.pdf<\/a><\/li><\/ul>\n\n\n\n<ul class=\"wp-block-list\"><li><a href=\"https:\/\/site.mlfmonde.org\/essaouira-tabarly\/wp-content\/uploads\/sites\/19\/2020\/06\/COMPTE-RENDU-2\u00e8me-Conseil-d\u00e9tablissement-2020.pdf\">COMPTE-RENDU-2eme-Conseil-Etablissement-2019-2020.pdf<\/a><\/li><\/ul>\n\n\n\n<ul class=\"wp-block-list\"><li><a href=\"https:\/\/site.mlfmonde.org\/essaouira-tabarly\/wp-content\/uploads\/sites\/19\/2020\/09\/COMPTE-RENDU-3\u00e8me-Conseil-d\u00e9tablissement-2019-2020.pdf\">COMPTE-RENDU-3eme-Conseil-Etablissement-2019-2020.pdf<\/a><\/li><\/ul>\n\n\n\n<ul class=\"wp-block-list\"><li><a href=\"https:\/\/site.mlfmonde.org\/essaouira-tabarly\/wp-content\/uploads\/sites\/19\/2022\/12\/CR_1er_conseil-Etablissement.pdf\">COMPTE-RENDU-1er-Conseil-Etablissement-2020-2021.pdf<\/a><\/li><\/ul>\n\n\n\n<ul class=\"wp-block-list\"><li><a href=\"https:\/\/site.mlfmonde.org\/essaouira-tabarly\/wp-content\/uploads\/sites\/19\/2022\/12\/CR_2eme_conseil-Etablissement.pdf\">COMPTE-RENDU-2eme-Conseil-Etablissement-2020-2021.pdf<\/a><\/li><\/ul>\n\n\n\n<ul class=\"wp-block-list\"><li>Annexe1 <a href=\"https:\/\/site.mlfmonde.org\/essaouira-tabarly\/wp-content\/uploads\/sites\/19\/2021\/05\/2021-2022-Calendrier-scolaire-Maroc.pdf\">2021-2022-Calendrier-scolaire-Maroc.pdf<\/a><\/li><\/ul>\n\n\n\n<ul class=\"wp-block-list\"><li>Annexe 2 <a href=\"https:\/\/site.mlfmonde.org\/essaouira-tabarly\/wp-content\/uploads\/sites\/19\/2021\/06\/R\u00e8glement-int\u00e9rieur-2020-2021-modifi\u00e9.pdf\">R\u00e8glement-int\u00e9rieur-2020-2021-modifi\u00e9.pdf<\/a><\/li><\/ul>\n\n\n\n<ul class=\"wp-block-list\"><li><a href=\"https:\/\/site.mlfmonde.org\/essaouira-tabarly\/wp-content\/uploads\/sites\/19\/2021\/12\/COMPTE-RENDU-3\u00e8me-conseil-Etablissement-2020-2021.pdf\">COMPTE-RENDU-3eme-Conseil-Etablissement-2020-2021.pdf<\/a><\/li><\/ul>\n\n\n\n<ul class=\"wp-block-list\"><li><a href=\"https:\/\/site.mlfmonde.org\/essaouira-tabarly\/wp-content\/uploads\/sites\/19\/2022\/04\/COMPTE-RENDU-1er-Conseil-Etablissement-2021-2022.pdf\">COMPTE-RENDU-1er-Conseil-Etablissement-2021-2022.pdf<\/a><\/li><\/ul>\n\n\n\n<ul class=\"wp-block-list\"><li>Annexe 1 <a href=\"https:\/\/site.mlfmonde.org\/essaouira-tabarly\/wp-content\/uploads\/sites\/19\/2021\/12\/R\u00e8glement-int\u00e9rieur-2021-2022-1.pdf\">R\u00e8glement-int\u00e9rieur-2021-2022-1.pdf<\/a><\/li><\/ul>\n\n\n\n<ul class=\"wp-block-list\"><li><a href=\"https:\/\/site.mlfmonde.org\/essaouira-tabarly\/wp-content\/uploads\/sites\/19\/2022\/11\/COMPTE-RENDU-2eme-Conseil-Etablissement-2021-2022-1.pdf\">COMPTE-RENDU-2eme-Conseil-Etablissement-2021-2022-1.pdf<\/a><\/li><\/ul>\n\n\n\n<ul class=\"wp-block-list\"><li><a href=\"https:\/\/site.mlfmonde.org\/essaouira-tabarly\/wp-content\/uploads\/sites\/19\/2022\/11\/COMPTE-RENDU-3eme-Conseil-Etablissement-2021-2022.pdf\">COMPTE-RENDU-3eme-Conseil-Etablissement-2021-2022.pdf<\/a><\/li><\/ul>\n","protected":false},"excerpt":{"rendered":"<p>COMPTE-RENDU-3eme-Conseil-Etablissement-2018-2019.pdf COMPTE-RENDU-1er-Conseil-Etablissement-2019-2020.pdf COMPTE-RENDU-2eme-Conseil-Etablissement-2019-2020.pdf COMPTE-RENDU-3eme-Conseil-Etablissement-2019-2020.pdf COMPTE-RENDU-1er-Conseil-Etablissement-2020-2021.pdf COMPTE-RENDU-2eme-Conseil-Etablissement-2020-2021.pdf Annexe1 2021-2022-Calendrier-scolaire-Maroc.pdf Annexe 2 R\u00e8glement-int\u00e9rieur-2020-2021-modifi\u00e9.pdf COMPTE-RENDU-3eme-Conseil-Etablissement-2020-2021.pdf COMPTE-RENDU-1er-Conseil-Etablissement-2021-2022.pdf Annexe 1 R\u00e8glement-int\u00e9rieur-2021-2022-1.pdf COMPTE-RENDU-2eme-Conseil-Etablissement-2021-2022-1.pdf COMPTE-RENDU-3eme-Conseil-Etablissement-2021-2022.pdf<\/p>\n","protected":false},"author":166,"featured_media":0,"parent":0,"menu_order":0,"comment_status":"closed","ping_status":"closed","template":"","meta":{"_exactmetrics_skip_tracking":false,"_exactmetrics_sitenote_active":false,"_exactmetrics_sitenote_note":"","_exactmetrics_sitenote_category":0,"footnotes":""},"class_list":["post-4608","page","type-page","status-publish","czr-hentry"],"_links":{"self":[{"href":"https:\/\/site.mlfmonde.org\/essaouira-tabarly\/wp-json\/wp\/v2\/pages\/4608","targetHints":{"allow":["GET"]}}],"collection":[{"href":"https:\/\/site.mlfmonde.org\/essaouira-tabarly\/wp-json\/wp\/v2\/pages"}],"about":[{"href":"https:\/\/site.mlfmonde.org\/essaouira-tabarly\/wp-json\/wp\/v2\/types\/page"}],"author":[{"embeddable":true,"href":"https:\/\/site.mlfmonde.org\/essaouira-tabarly\/wp-json\/wp\/v2\/users\/166"}],"replies":[{"embeddable":true,"href":"https:\/\/site.mlfmonde.org\/essaouira-tabarly\/wp-json\/wp\/v2\/comments?post=4608"}],"version-history":[{"count":27,"href":"https:\/\/site.mlfmonde.org\/essaouira-tabarly\/wp-json\/wp\/v2\/pages\/4608\/revisions"}],"predecessor-version":[{"id":4671,"href":"https:\/\/site.mlfmonde.org\/essaouira-tabarly\/wp-json\/wp\/v2\/pages\/4608\/revisions\/4671"}],"wp:attachment":[{"href":"https:\/\/site.mlfmonde.org\/essaouira-tabarly\/wp-json\/wp\/v2\/media?parent=4608"}],"curies":[{"name":"wp","href":"https:\/\/api.w.org\/{rel}","templated":true}]}}