{"id":3404,"date":"2020-11-24T10:52:08","date_gmt":"2020-11-24T10:52:08","guid":{"rendered":"https:\/\/site.mlfmonde.org\/essaouira-tabarly\/?page_id=3404"},"modified":"2020-11-24T10:52:08","modified_gmt":"2020-11-24T10:52:08","slug":"orientation","status":"publish","type":"page","link":"https:\/\/site.mlfmonde.org\/essaouira-tabarly\/college\/orientation\/","title":{"rendered":"Orientation"},"content":{"rendered":"<h2>Au coll\u00e8ge, les questions relatives \u00e0 l&rsquo;orientation se multiplient&#8230;<\/h2>\n<h3>ONISEP : pour se documenter<\/h3>\n<p>Pour obtenir des informations sur les parcours scolaires et formations, les m\u00e9tiers et les formations en France, <strong>le site de l&rsquo;ONISEP est une excellente ressource.\u00a0<\/strong>On y trouve des ressources documentaires, des tests en ligne, des liens vers des plateformes de formations, des ressources th\u00e9matiques par secteur : une vraie mine d&rsquo;informations !<\/p>\n<p><a href=\"https:\/\/www.onisep.fr\">https:\/\/www.onisep.fr<\/a><\/p>\n<div id=\"attachment_3405\" style=\"width: 1000px\" class=\"wp-caption aligncenter\"><a href=\"https:\/\/www.onisep.fr\"><img loading=\"lazy\" decoding=\"async\" aria-describedby=\"caption-attachment-3405\" class=\"wp-image-3405 size-full\" src=\"https:\/\/site.mlfmonde.org\/essaouira-tabarly\/wp-content\/uploads\/sites\/19\/2020\/11\/Onisep-.jpg\" alt=\"\" width=\"990\" height=\"835\" srcset=\"https:\/\/site.mlfmonde.org\/essaouira-tabarly\/wp-content\/uploads\/sites\/19\/2020\/11\/Onisep-.jpg 990w, https:\/\/site.mlfmonde.org\/essaouira-tabarly\/wp-content\/uploads\/sites\/19\/2020\/11\/Onisep--300x253.jpg 300w, https:\/\/site.mlfmonde.org\/essaouira-tabarly\/wp-content\/uploads\/sites\/19\/2020\/11\/Onisep--768x648.jpg 768w, https:\/\/site.mlfmonde.org\/essaouira-tabarly\/wp-content\/uploads\/sites\/19\/2020\/11\/Onisep--570x481.jpg 570w\" sizes=\"auto, (max-width: 990px) 100vw, 990px\" \/><\/a><p id=\"caption-attachment-3405\" class=\"wp-caption-text\">Onisep &#8211; site internet<\/p><\/div>\n<h3>CAMPUS FRANCE &#8211; MAROC : pour savoir comment poursuivre ses \u00e9tudes en France<\/h3>\n<p><a href=\"https:\/\/www.maroc.campusfrance.org\">Campus France Maroc<\/a> a pour missions de <strong>fournir tous les renseignements sur les \u00e9tudes en France<\/strong>, <strong>accompagner l\u2019\u00e9tudiant pour construire son projet d\u2019\u00e9tudes<\/strong> et <strong>faciliter les candidatures de pr\u00e9-inscription<\/strong> aupr\u00e8s des \u00e9tablissements de l&rsquo;enseignement sup\u00e9rieur en France connect\u00e9s avec Campus France.<\/p>\n<div id=\"attachment_3406\" style=\"width: 1034px\" class=\"wp-caption alignnone\"><a href=\"https:\/\/www.maroc.campusfrance.org\"><img loading=\"lazy\" decoding=\"async\" aria-describedby=\"caption-attachment-3406\" class=\"wp-image-3406 size-large\" src=\"https:\/\/site.mlfmonde.org\/essaouira-tabarly\/wp-content\/uploads\/sites\/19\/2020\/11\/Campus-France-1024x555.jpg\" alt=\"\" width=\"1024\" height=\"555\" srcset=\"https:\/\/site.mlfmonde.org\/essaouira-tabarly\/wp-content\/uploads\/sites\/19\/2020\/11\/Campus-France-1024x555.jpg 1024w, https:\/\/site.mlfmonde.org\/essaouira-tabarly\/wp-content\/uploads\/sites\/19\/2020\/11\/Campus-France-300x163.jpg 300w, https:\/\/site.mlfmonde.org\/essaouira-tabarly\/wp-content\/uploads\/sites\/19\/2020\/11\/Campus-France-768x416.jpg 768w, https:\/\/site.mlfmonde.org\/essaouira-tabarly\/wp-content\/uploads\/sites\/19\/2020\/11\/Campus-France-570x309.jpg 570w, https:\/\/site.mlfmonde.org\/essaouira-tabarly\/wp-content\/uploads\/sites\/19\/2020\/11\/Campus-France.jpg 1364w\" sizes=\"auto, (max-width: 1024px) 100vw, 1024px\" \/><\/a><p id=\"caption-attachment-3406\" class=\"wp-caption-text\">Campus France &#8211; Maroc<\/p><\/div>\n","protected":false},"excerpt":{"rendered":"<p>Au coll\u00e8ge, les questions relatives \u00e0 l&rsquo;orientation se multiplient&#8230; ONISEP : pour se documenter Pour obtenir des informations sur les parcours scolaires et formations, les m\u00e9tiers et les formations en France, le site de l&rsquo;ONISEP est une excellente ressource.\u00a0On y trouve des ressources documentaires, des tests en ligne, des liens vers des plateformes de formations, [&hellip;]<\/p>\n","protected":false},"author":171,"featured_media":0,"parent":939,"menu_order":0,"comment_status":"closed","ping_status":"closed","template":"","meta":{"_exactmetrics_skip_tracking":false,"_exactmetrics_sitenote_active":false,"_exactmetrics_sitenote_note":"","_exactmetrics_sitenote_category":0,"footnotes":""},"class_list":["post-3404","page","type-page","status-publish","czr-hentry"],"_links":{"self":[{"href":"https:\/\/site.mlfmonde.org\/essaouira-tabarly\/wp-json\/wp\/v2\/pages\/3404","targetHints":{"allow":["GET"]}}],"collection":[{"href":"https:\/\/site.mlfmonde.org\/essaouira-tabarly\/wp-json\/wp\/v2\/pages"}],"about":[{"href":"https:\/\/site.mlfmonde.org\/essaouira-tabarly\/wp-json\/wp\/v2\/types\/page"}],"author":[{"embeddable":true,"href":"https:\/\/site.mlfmonde.org\/essaouira-tabarly\/wp-json\/wp\/v2\/users\/171"}],"replies":[{"embeddable":true,"href":"https:\/\/site.mlfmonde.org\/essaouira-tabarly\/wp-json\/wp\/v2\/comments?post=3404"}],"version-history":[{"count":2,"href":"https:\/\/site.mlfmonde.org\/essaouira-tabarly\/wp-json\/wp\/v2\/pages\/3404\/revisions"}],"predecessor-version":[{"id":3408,"href":"https:\/\/site.mlfmonde.org\/essaouira-tabarly\/wp-json\/wp\/v2\/pages\/3404\/revisions\/3408"}],"up":[{"embeddable":true,"href":"https:\/\/site.mlfmonde.org\/essaouira-tabarly\/wp-json\/wp\/v2\/pages\/939"}],"wp:attachment":[{"href":"https:\/\/site.mlfmonde.org\/essaouira-tabarly\/wp-json\/wp\/v2\/media?parent=3404"}],"curies":[{"name":"wp","href":"https:\/\/api.w.org\/{rel}","templated":true}]}}