{"id":2786,"date":"2020-09-15T16:59:49","date_gmt":"2020-09-15T16:59:49","guid":{"rendered":"https:\/\/site.mlfmonde.org\/essaouira-tabarly\/?page_id=2786"},"modified":"2023-08-09T17:54:56","modified_gmt":"2023-08-09T17:54:56","slug":"rentree-scolaire-2020-2021","status":"publish","type":"page","link":"https:\/\/site.mlfmonde.org\/essaouira-tabarly\/administration\/notre-espace-actualites\/rentree-scolaire-2020-2021\/","title":{"rendered":"Rentr\u00e9e scolaire 2023-2024"},"content":{"rendered":"\n<p><\/p>\n\n\n\n<div class=\"wp-block-file\"><a id=\"wp-block-file--media-34ceeee7-4de6-4bba-bf90-2a60796d7cb6\" href=\"https:\/\/site.mlfmonde.org\/essaouira-tabarly\/wp-content\/uploads\/sites\/19\/2023\/05\/Mot-de-rentree-22-23-de-la-proviseure.pdf\">Mot-de-rentree-22-23-de-la-proviseure<\/a><a href=\"https:\/\/site.mlfmonde.org\/essaouira-tabarly\/wp-content\/uploads\/sites\/19\/2023\/05\/Mot-de-rentree-22-23-de-la-proviseure.pdf\" class=\"wp-block-file__button\" download aria-describedby=\"wp-block-file--media-34ceeee7-4de6-4bba-bf90-2a60796d7cb6\">T\u00e9l\u00e9charger<\/a><\/div>\n\n\n<p><strong><span style=\"color: #000000;font-family: arial, sans-serif\">Organisation de la rentr\u00e9e des \u00e9l\u00e8ves &#8211; Septembre 2023<\/span><\/strong><\/p>\n<p><span style=\"color: #000000;font-family: arial, sans-serif\">C\u2019est avec plaisir que nous retrouverons tous nos \u00e9l\u00e8ves ce lundi 4 septembre 2023 \u00e0 l&rsquo;\u00e9cole !<\/span><\/p>\n<p><span style=\"color: #000000;font-family: arial, sans-serif\">L\u2019accueil des \u00e9l\u00e8ves de la PS \u00e0 la classe de 3<sup>\u00e8me<\/sup> se fera de nouveau cette ann\u00e9e de mani\u00e8re \u00e9chelonn\u00e9e, selon le planning suivant :<\/span><\/p>\n<p><span style=\"color: #0000ff\"><b><span style=\"font-family: arial, sans-serif\">Pour la maternelle, la classe de PS-MS-GS\u00a0:<\/span><\/b><\/span><\/p>\n<p><span style=\"color: #000000\"><span style=\"font-family: arial, sans-serif\">&#8211; de 9h \u00e0 10h15 : accueil uniquement des \u00e9l\u00e8ves de PS<\/span><\/span><\/p>\n<p><span style=\"color: #000000\"><span style=\"font-family: arial, sans-serif\">&#8211; de 10h30 \u00e0 11h45 : accueil uniquement des \u00e9l\u00e8ves de MS<\/span><\/span><\/p>\n<p><span style=\"color: #000000\"><span style=\"font-family: arial, sans-serif\">&#8211; de 14h \u00e0 15h45 : accueil des uniquement des \u00e9l\u00e8ves de GS<\/span><\/span><\/p>\n<p><b><span style=\"color: #000000;font-family: arial, sans-serif\">\u00a0<\/span><\/b><\/p>\n<p><strong><span style=\"color: #0000ff\"><span style=\"font-family: arial, sans-serif\">Pour la classe des CP-CE1\u00a0:<\/span><\/span><\/strong><\/p>\n<p><span style=\"color: #000000;font-family: arial, sans-serif\">&#8211; de 9h \u00e0 11h45 : accueil uniquement des \u00e9l\u00e8ves de CP avec les parents<\/span><\/p>\n<p><span style=\"color: #000000;font-family: arial, sans-serif\">&#8211; de 14h \u00e0 16h : accueil uniquement des \u00e9l\u00e8ves de CE1 avec les parents<\/span><\/p>\n<p><b><span style=\"color: #000000;font-family: arial, sans-serif\">\u00a0<\/span><\/b><\/p>\n<p><span style=\"color: #0000ff\"><b><span style=\"font-family: arial, sans-serif\">Pour la classe des CE2-CM1-CM2\u00a0:<\/span><\/b><\/span><\/p>\n<p><span style=\"color: #000000;font-family: arial, sans-serif\">&#8211; de 9h \u00e0 10h15 : accueil uniquement des \u00e9l\u00e8ves de CE2<\/span><\/p>\n<p><span style=\"color: #000000;font-family: arial, sans-serif\">&#8211; de 10h30 \u00e0 11h45 : accueil uniquement des \u00e9l\u00e8ves de CM1<\/span><\/p>\n<p><span style=\"color: #000000;font-family: arial, sans-serif\">&#8211; de 14h \u00e0 16h : accueil des uniquement des \u00e9l\u00e8ves de CM2\u00a0<\/span><\/p>\n<p><span style=\"color: #000000;font-family: arial, sans-serif\">\u00a0<\/span><\/p>\n<p><strong><span style=\"color: #0000ff;font-family: arial, sans-serif\">Pour les classes de coll\u00e8ge\u00a0:<\/span><\/strong><\/p>\n<p><span style=\"color: #000000;font-family: arial, sans-serif\">&#8211; de 9h30 \u00e0 10h45 : accueil uniquement des \u00e9l\u00e8ves de 6\u00e8me\u00a0<\/span><\/p>\n<p><span style=\"color: #000000;font-family: arial, sans-serif\">&#8211; de 11h \u00e0 12h15 : accueil uniquement des \u00e9l\u00e8ves de 5\u00e8me<\/span><\/p>\n<p><span style=\"color: #000000;font-family: arial, sans-serif\">&#8211; de 13h30 \u00e0 14h45 : accueil des uniquement des \u00e9l\u00e8ves de 4\u00e8me<\/span><\/p>\n<p><span style=\"color: #000000;font-family: arial, sans-serif\">&#8211; de 15h \u00e0 16h15 : accueil des uniquement des \u00e9l\u00e8ves de 3\u00e8me <\/span><\/p>\n<p>\u00a0<\/p>\n<p><span style=\"color: #000000;font-family: arial, sans-serif\">Bonne ann\u00e9e scolaire 2023-2024 !<\/span><\/p>\n<div id=\":w6\" class=\"pG\" role=\"img\">\u00a0<\/div>\n<p>\u00a0<\/p>\n\n\n<p><\/p>\n","protected":false},"excerpt":{"rendered":"<p>Organisation de la rentr\u00e9e des \u00e9l\u00e8ves &#8211; Septembre 2023 C\u2019est avec plaisir que nous retrouverons tous nos \u00e9l\u00e8ves ce lundi 4 septembre 2023 \u00e0 l&rsquo;\u00e9cole ! L\u2019accueil des \u00e9l\u00e8ves de la PS \u00e0 la classe de 3\u00e8me se fera de nouveau cette ann\u00e9e de mani\u00e8re \u00e9chelonn\u00e9e, selon le planning suivant : Pour la maternelle, la [&hellip;]<\/p>\n","protected":false},"author":166,"featured_media":0,"parent":2731,"menu_order":0,"comment_status":"closed","ping_status":"closed","template":"","meta":{"_exactmetrics_skip_tracking":false,"_exactmetrics_sitenote_active":false,"_exactmetrics_sitenote_note":"","_exactmetrics_sitenote_category":0,"footnotes":""},"class_list":["post-2786","page","type-page","status-publish","czr-hentry"],"_links":{"self":[{"href":"https:\/\/site.mlfmonde.org\/essaouira-tabarly\/wp-json\/wp\/v2\/pages\/2786","targetHints":{"allow":["GET"]}}],"collection":[{"href":"https:\/\/site.mlfmonde.org\/essaouira-tabarly\/wp-json\/wp\/v2\/pages"}],"about":[{"href":"https:\/\/site.mlfmonde.org\/essaouira-tabarly\/wp-json\/wp\/v2\/types\/page"}],"author":[{"embeddable":true,"href":"https:\/\/site.mlfmonde.org\/essaouira-tabarly\/wp-json\/wp\/v2\/users\/166"}],"replies":[{"embeddable":true,"href":"https:\/\/site.mlfmonde.org\/essaouira-tabarly\/wp-json\/wp\/v2\/comments?post=2786"}],"version-history":[{"count":20,"href":"https:\/\/site.mlfmonde.org\/essaouira-tabarly\/wp-json\/wp\/v2\/pages\/2786\/revisions"}],"predecessor-version":[{"id":4935,"href":"https:\/\/site.mlfmonde.org\/essaouira-tabarly\/wp-json\/wp\/v2\/pages\/2786\/revisions\/4935"}],"up":[{"embeddable":true,"href":"https:\/\/site.mlfmonde.org\/essaouira-tabarly\/wp-json\/wp\/v2\/pages\/2731"}],"wp:attachment":[{"href":"https:\/\/site.mlfmonde.org\/essaouira-tabarly\/wp-json\/wp\/v2\/media?parent=2786"}],"curies":[{"name":"wp","href":"https:\/\/api.w.org\/{rel}","templated":true}]}}