{"id":257,"date":"2016-12-27T07:27:40","date_gmt":"2016-12-27T07:27:40","guid":{"rendered":"https:\/\/site.mlfmonde.org\/erbil\/?page_id=257"},"modified":"2017-09-10T22:17:39","modified_gmt":"2017-09-10T19:17:39","slug":"le-mot-du-chef-detablissement","status":"publish","type":"page","link":"https:\/\/site.mlfmonde.org\/erbil\/le-mot-du-chef-detablissement\/","title":{"rendered":"Le mot du chef d\u2019\u00e9tablissement"},"content":{"rendered":"<p>Cette ann\u00e9e 2017-2018 marque une transition, tant par l&rsquo;offre p\u00e9dagogique offerte, avec la mise en place du parcours langues, qui permettra \u00e0 terme \u00e0 nos \u00e9l\u00e8ves de ma\u00eetriser jusqu&rsquo;\u00e0 4 langues, que par l&rsquo;inauguration de la salle de sciences, la mont\u00e9e en puissance des effectifs de\u00a0 la maternelle et du lyc\u00e9e et l&rsquo;ouverture de la cr\u00e8che.<\/p>\n<p>L&rsquo;ensemble de la communaut\u00e9 \u00e9ducative s&rsquo;inscrit dans cette\u00a0 dynamique, en mettant en avant le sens de l&rsquo;\u00e9coute, la rigueur, la passion.<\/p>\n<p>Acteurs \u00e0 part enti\u00e8re de notre \u00e9tablissement, les repr\u00e9sentants des parents d&rsquo;\u00e9l\u00e8ves , partenaires, soutiens ont d\u00e9sormais une page d\u00e9di\u00e9e sur le site.<\/p>\n<p>Gageons que cette ann\u00e9e 2017-2018 soit\u00a0 riche de projets, de r\u00e9ussite, d&rsquo;\u00e9panouissement, de d\u00e9couvertes, d&rsquo;\u00e9merveillement, de partage &#8230;<\/p>\n","protected":false},"excerpt":{"rendered":"<p>Cette ann\u00e9e 2017-2018 marque une transition, tant par l&rsquo;offre p\u00e9dagogique offerte, avec la mise en place du parcours langues, qui permettra \u00e0 terme \u00e0 nos \u00e9l\u00e8ves de ma\u00eetriser jusqu&rsquo;\u00e0 4 langues, que par l&rsquo;inauguration de la salle de sciences, la mont\u00e9e en puissance des effectifs de\u00a0 la maternelle et du lyc\u00e9e et l&rsquo;ouverture de la [&hellip;]<\/p>\n","protected":false},"author":86,"featured_media":0,"parent":0,"menu_order":0,"comment_status":"closed","ping_status":"closed","template":"","meta":{"_exactmetrics_skip_tracking":false,"_exactmetrics_sitenote_active":false,"_exactmetrics_sitenote_note":"","_exactmetrics_sitenote_category":0,"footnotes":""},"class_list":["post-257","page","type-page","status-publish","czr-hentry"],"_links":{"self":[{"href":"https:\/\/site.mlfmonde.org\/erbil\/wp-json\/wp\/v2\/pages\/257","targetHints":{"allow":["GET"]}}],"collection":[{"href":"https:\/\/site.mlfmonde.org\/erbil\/wp-json\/wp\/v2\/pages"}],"about":[{"href":"https:\/\/site.mlfmonde.org\/erbil\/wp-json\/wp\/v2\/types\/page"}],"author":[{"embeddable":true,"href":"https:\/\/site.mlfmonde.org\/erbil\/wp-json\/wp\/v2\/users\/86"}],"replies":[{"embeddable":true,"href":"https:\/\/site.mlfmonde.org\/erbil\/wp-json\/wp\/v2\/comments?post=257"}],"version-history":[{"count":5,"href":"https:\/\/site.mlfmonde.org\/erbil\/wp-json\/wp\/v2\/pages\/257\/revisions"}],"predecessor-version":[{"id":1575,"href":"https:\/\/site.mlfmonde.org\/erbil\/wp-json\/wp\/v2\/pages\/257\/revisions\/1575"}],"wp:attachment":[{"href":"https:\/\/site.mlfmonde.org\/erbil\/wp-json\/wp\/v2\/media?parent=257"}],"curies":[{"name":"wp","href":"https:\/\/api.w.org\/{rel}","templated":true}]}}