{"id":213,"date":"2016-12-26T20:15:38","date_gmt":"2016-12-26T20:15:38","guid":{"rendered":"https:\/\/site.mlfmonde.org\/erbil\/?page_id=213"},"modified":"2017-03-27T12:43:31","modified_gmt":"2017-03-27T12:43:31","slug":"reglement-interieur","status":"publish","type":"page","link":"https:\/\/site.mlfmonde.org\/erbil\/reglement-interieur\/","title":{"rendered":"R\u00e8glement int\u00e9rieur"},"content":{"rendered":"<p>R\u00e8glement 2016-2017 :\u00a0 <a href=\"https:\/\/site.mlfmonde.org\/erbil\/wp-content\/uploads\/sites\/15\/2016\/12\/r\u00e8glement-int\u00e9rieur-pdf.pdf\">r\u00e8glement int\u00e9rieur pdf<\/a><\/p>\n<p>R\u00e8glement 2017-2018 : <a href=\"https:\/\/site.mlfmonde.org\/erbil\/wp-content\/uploads\/sites\/15\/2017\/03\/r\u00e8glement-int\u00e9rieur-1.docx\">r\u00e8glement int\u00e9rieur<\/a><\/p>\n","protected":false},"excerpt":{"rendered":"<p>R\u00e8glement 2016-2017 :\u00a0 r\u00e8glement int\u00e9rieur pdf R\u00e8glement 2017-2018 : r\u00e8glement int\u00e9rieur<\/p>\n","protected":false},"author":86,"featured_media":0,"parent":0,"menu_order":0,"comment_status":"closed","ping_status":"closed","template":"","meta":{"_exactmetrics_skip_tracking":false,"_exactmetrics_sitenote_active":false,"_exactmetrics_sitenote_note":"","_exactmetrics_sitenote_category":0,"footnotes":""},"class_list":["post-213","page","type-page","status-publish","czr-hentry"],"_links":{"self":[{"href":"https:\/\/site.mlfmonde.org\/erbil\/wp-json\/wp\/v2\/pages\/213","targetHints":{"allow":["GET"]}}],"collection":[{"href":"https:\/\/site.mlfmonde.org\/erbil\/wp-json\/wp\/v2\/pages"}],"about":[{"href":"https:\/\/site.mlfmonde.org\/erbil\/wp-json\/wp\/v2\/types\/page"}],"author":[{"embeddable":true,"href":"https:\/\/site.mlfmonde.org\/erbil\/wp-json\/wp\/v2\/users\/86"}],"replies":[{"embeddable":true,"href":"https:\/\/site.mlfmonde.org\/erbil\/wp-json\/wp\/v2\/comments?post=213"}],"version-history":[{"count":3,"href":"https:\/\/site.mlfmonde.org\/erbil\/wp-json\/wp\/v2\/pages\/213\/revisions"}],"predecessor-version":[{"id":488,"href":"https:\/\/site.mlfmonde.org\/erbil\/wp-json\/wp\/v2\/pages\/213\/revisions\/488"}],"wp:attachment":[{"href":"https:\/\/site.mlfmonde.org\/erbil\/wp-json\/wp\/v2\/media?parent=213"}],"curies":[{"name":"wp","href":"https:\/\/api.w.org\/{rel}","templated":true}]}}